-25) + (-4)/(-10))?
6
Let h be (-16)/(-2)*14/28. Suppose 5*t = z + 7, -44 = -h*z - 0*t + 2*t. Suppose g = 5*b + z, 0 = 5*g + 2*b + 33 - 233. What is the units digit of g?
8
Suppose -5*y - 2 = 2*w - 10, 5*w - 20 = -2*y. Suppose g = -w*k + 50 + 14, g - 28 = 5*k. Let o = 1 + g. What is the tens digit of o?
4
Let z be (100/14)/(51/1071). Suppose r - 5*j - 171 = z, -3*r + 995 = j. What is the tens digit of r?
3
Let d = -5628 - -11330. What is the thousands digit of d?
5
Let u(p) = -5*p + 34. Let n be (-8)/3*3/(-2). Let v(y) = 6*y - 33. Let a(j) = n*u(j) + 3*v(j). What is the units digit of a(-16)?
9
Let x = 2642 - -377. What is the units digit of x?
9
Let w(o) = -o**3 + 4*o**2 + 21*o + 2. Let m be w(7). Suppose 0 = -5*z - 4*g + 2265, -7*z - 467 = -8*z + m*g. What is the units digit of z?
7
Suppose 84195 = 16*z + 6*z - 138577. What is the units digit of z?
6
Let d(n) = 4*n**2 - 65*n + 45. Let r be d(13). What is the tens digit of (r/(-155))/((-3)/(-3570))?
5
Suppose 8*d = 4*p + 3*d - 30, 12 = 4*p + 4*d. Suppose -2*u + p*o + 2688 + 1135 = 0, 0 = -3*u + o + 5702. What is the hundreds digit of u?
8
Suppose -77*d + 4737569 = -1503281. What is the units digit of d?
0
Suppose 2*y = 3*b - 197, 3*b + 5*y - 10*y - 191 = 0. Suppose 17 + b = c. Suppose -5*f + c = s, 4*s + 3 = -1. What is the tens digit of f?
1
Suppose -i = 3*g - 4*i - 729, 2*i = -4. Suppose 0*k + 231 = 3*a - 3*k, -g = -3*a + 5*k. What is the units digit of a?
2
Let f(k) = 27 - 26*k + 25*k - 7. Let u be f(-6). Suppose -4*w + u = 6. What is the units digit of w?
5
Let z(x) = 2*x**2 - 20*x + 20. Let p be z(9). What is the hundreds digit of ((-6)/(-4) - p)/((-5)/3490)?
3
Let m(d) = -298*d + 8447. What is the ten thousands digit of m(-68)?
2
Let i(n) = -3*n - 30. Let w be i(-13). Suppose -w*l + 3*l - 30 = 0. Let d = l - -33. What is the units digit of d?
8
Let k(v) = 22*v - 41. Let b(n) = -n - 3. Let y(x) = -2*b(x) - 2*k(x). What is the tens digit of y(-15)?
1
Let r = 125 + -122. Suppose -2*d - 304 = -r*f, f + 2*f - 4*d = 314. Suppose -28 + 96 = 2*k + 2*v, 3*k - f = v. What is the tens digit of k?
3
Suppose 6*q + 263 = -199. Let f = q - -604. What is the hundreds digit of f?
5
Let n be 364/140 - (-4)/10. Let g be n - (-141)/6*18. Let a = g + -231. What is the tens digit of a?
9
Let g(v) = v**3 + 13*v**2 + 7*v. Let x be (2/(-2))/(172/(-44) + 4). Let a be g(x). Suppose -f = 9 - a. What is the tens digit of f?
5
Let o(k) = k**3 - 15*k**2 + k + 26. Let t be o(15). Let i = 43 - t. Suppose i*w = 4*r + w - 328, 0 = 5*r + 2*w - 410. What is the units digit of r?
2
Suppose -3*o = -4*o - 3*f - 283, -5*o - 4*f = 1415. Let r = -97 - o. Suppose 3*a - 46 - 89 = -3*u, -u + r = 4*a. What is the units digit of a?
7
Suppose -2*o + 6 = 3*k, -1 = -2*k + 3*o + 16. Suppose 2*a - k*d - 271 = -d, -409 = -3*a + 4*d. What is the hundreds digit of a?
1
Let y = 43 - -383. Let w = -191 + y. What is the hundreds digit of w?
2
Let y(w) = 86*w**2 + 64*w - 31. What is the hundreds digit of y(9)?
5
Suppose 27*i + 5200 = 28*i - 3*f, 0 = -3*i + f + 15600. What is the tens digit of i?
0
Let q = 693 + -695. What is the thousands digit of 5*5/50*q*-1523?
1
Let d(w) = 218 - 428 + 202 + 128*w. What is the hundreds digit of d(2)?
2
Suppose 5*q - 11445 = -3*k, -4*k = 127*q - 125*q - 4592. What is the tens digit of q?
8
Let t(y) = 2*y**3 + 24*y**2 + 22*y + 10. Let z be t(-11). Suppose 84 = n - w, 5*n - 470 = 5*w - z*w. What is the units digit of n?
9
Let f = 21 + -17. Suppose f*p - 2*p - 4*p = 0. Let y(u) = u**3 + u**2 + 2*u + 106. What is the tens digit of y(p)?
0
Suppose 98*a - 1065010 = 31*a + 620241. What is the thousands digit of a?
5
Suppose -211*t + 2898226 = -7666. What is the units digit of t?
2
Let s(t) = t - 3. Let l be s(-25). What is the tens digit of (-14)/l - 1666/(-4)?
1
Let k(t) = 22*t**2 + 38*t + 604. What is the tens digit of k(-17)?
1
Suppose 2*q - 15 = -5*h + 7*q, -24 = -3*h - 2*q. Let y be h/(-2)*(-50)/5. Suppose 4*r - 5*x - 420 = 0, -2*r - 5*x + y = -150. What is the units digit of r?
0
Suppose -5*j + 1640 = -7*r + 3*r, 4*r + 1608 = -3*j. Let c = -225 - r. What is the hundreds digit of c?
1
Suppose -53187 - 1381463 = -70*c. What is the thousands digit of c?
0
Suppose 4*h - 22772 = -2*o, 17053 = 3*h - 39*o + 34*o. What is the tens digit of h?
9
Let a = 12 + -79. Let b(k) = -37*k + 198. Let i be b(8). Let h = a - i. What is the tens digit of h?
3
Let i = 3471 - 1070. What is the units digit of i?
1
Let w = 372 - 346. What is the tens digit of (-4)/w - 76572/(-351)?
1
Let p(r) be the third derivative of 1/24*r**4 + 37/6*r**3 + 0*r - 24*r**2 + 0. What is the units digit of p(12)?
9
Let t(s) be the first derivative of -27*s**2 - 27*s - 123. What is the tens digit of t(-11)?
6
Let r = -15921 + 33620. What is the units digit of r?
9
Let s(f) = -36*f + 1773. What is the thousands digit of s(-25)?
2
Suppose 0 = c - 2*j + 2, -3 = 5*c - 2*c - 3*j. Suppose 3*a = c, 6*a - 3*a + 1479 = 3*o. What is the hundreds digit of o?
4
Suppose -3*x + 22*b - 17*b = 8, -b - 8 = x. What is the hundreds digit of ((-4)/x)/((-5)/(-1545) - 0)?
2
Suppose -2*v + 12554 = 2*w, 0 = 2*w - 1178*v + 1173*v - 12554. What is the units digit of w?
7
Let r(b) be the second derivative of -17*b**3 - 11*b**2 - 2*b - 10. What is the tens digit of r(-9)?
9
Suppose -342910 = -871*q + 823*q - 286. What is the thousands digit of q?
7
Suppose 3*p = 4*p - 16. Let a(z) = 59*z + 21. What is the hundreds digit of a(p)?
9
Suppose -115*w - 162*w + 200*w + 340725 = 0. What is the hundreds digit of w?
4
Let t = 26970 - 16501. Suppose t = 13*h - 8251. What is the units digit of h?
0
Suppose 571*y - 533*y = -410818 + 1740210. What is the thousands digit of y?
4
Suppose 53*x - 52*x = 16. Let n be (-30)/(-9)*(x/5 + -2). Suppose 0 = 4*h, -i + 616 = 3*i + n*h. What is the hundreds digit of i?
1
What is the hundreds digit of 8/36 + ((-6574770)/2187)/(4/(-78))?
6
Suppose 3*j - 4*v + 12 = 0, 3*j + 4 = v + 1. Let l be (j - 0 - -2) + 23 + -35. Let u(q) = -3*q + 18. What is the units digit of u(l)?
8
Suppose 0 = 2*q + 1 - 17. Suppose -4*z - 5*t + 6572 = -z, -4*z + 3*t = -8753. Suppose q*x = -413 + z. What is the hundreds digit of x?
2
Let w be 3 + (-15)/25 + (-2)/5. Let k be -1*(-4)/(-4)*0. What is the units digit of w - (-88)/(2 + k)?
6
Let p(h) = 40*h**2 - 15*h + 15. Let c = 589 + -584. What is the units digit of p(c)?
0
Let l = -764 + 767. Let j be (1 + 1 + -1)*0. Suppose -7*c = 5*i - l*c - 295, j = 3*i - 4*c - 209. What is the tens digit of i?
6
Suppose 5*c = -3*k + 285, -3*c + 54 + 117 = -2*k. Let o = c + -62. What is the units digit of (-4)/(-10) - 468/o?
4
Let t(j) = 2*j - 7. Let d be t(5). Let c = 16 + d. Let m(k) = 3*k - 25. What is the tens digit of m(c)?
3
Let x be ((-3)/(-3))/((-24)/9 - -3). Suppose -392 = -x*j + 4*g, g - 661 = -11*j + 6*j. What is the hundreds digit of j?
1
Suppose 17 + 6 = l. Let k = l + -44. Let r = k + 140. What is the hundreds digit of r?
1
Let f(q) = 11981 + 3*q + 3*q**2 - 11981. Let j be f(-2). Suppose -j*l + 524 = -412. What is the tens digit of l?
5
Let h(v) = 2*v + 27. Let j be h(-12). What is the units digit of (0 - j) + (232 - 8)?
1
Let u(c) = 80*c**2 - 76*c - 431. What is the thousands digit of u(-6)?
2
Let j = 85890 - 53167. What is the ten thousands digit of j?
3
Suppose 0 = 2*q - 4*f - 13148, 4*f + 17245 = -5*q + 50157. What is the tens digit of q?
8
Let c(r) be the second derivative of -43*r**3/3 + 59*r**2 - 3*r + 4. What is the units digit of c(-6)?
4
Let u be (-110)/33*((-27)/2)/(-1). Let c = -43 - u. Suppose 0 = 5*l + 4*f - 755, -2*f + 755 = -c*l + 7*l. What is the hundreds digit of l?
1
Let n = -307 - -187. Let u = n + 170. What is the units digit of u?
0
Let f(y) = 10*y - 43. Let z be f(17). Suppose -d + 5*r + z = 0, 2*d - 4*d + 245 = -r. What is the tens digit of 5 + -1 + -5 + d?
2
Let n(m) = m**2 + 6*m + 4. Let c be n(-6). What is the units digit of (15/(-20))/(c/(-1*2208))?
4
Suppose -116 = 7*b - 557. Suppose -3*c - b = -1668. Suppose 0 = -15*v + 1555 - c. What is the units digit of v?
8
Let t be (-6)/(60/(-85))*-2 + 4. Let w = t - -378. What is the tens digit of w?
6
What is the units digit of 146920/24 + (65/15 - 4)?
2
Let a be 20/25 - 32/(-10). Suppose 3*c - a = 56. Let z = c + -15. What is the units digit of z?
5
Suppose -4*g = 